 - (-9 + (-2 - -7)).
1
Calculate (6 - 1 - 5 - 2) + 2.
0
Calculate 0 + -2 - (104 - 109).
3
What is the value of 1 - (-1 + -2 + (-2 - -3))?
3
What is 11 + -12 + -1 + 5?
3
Calculate (1 - (-4 - -5)) + 1.
1
What is the value of 5 + -6 + 5 + -6 + -1?
-3
What is the value of (2 + -1 - -3) + (7 - 11)?
0
What is the value of -1 + (9 - 19) + 4?
-7
What is -10 - (2 + -7) - -3?
-2
Calculate (-8 - -8 - -7) + 0 + -6.
1
Evaluate 1 + (5 - (9 + 3)).
-6
Calculate 1 - (3 + (0 - (6 + 4))).
8
Calculate 2 + -1 + (-14 - -12).
-1
Calculate 13 - (-4 - -12) - (-2 - 0).
7
(-3 + 2 - -5) + -4 + 6
6
Evaluate -5 - ((-1 + -1 - 3) + 2).
-2
(5 - 3 - (6 - 0)) + 8
4
What is -3 + 0 + (-10 - -15)?
2
2 + -7 + 0 - (-13 - -7)
1
What is (0 - 3) + 1 - (-6 + 3)?
1
Calculate 4 + -2 - (7 + -9).
4
Evaluate -14 + 23 - (-1 + 5).
5
Evaluate 21 + -21 + (12 - (0 + 1)).
11
What is -12 + 4 + 1 - -9?
2
Evaluate -12 - ((10 - 11) + -4).
-7
What is 8 + -4 + 3 + -5?
2
What is -9 + -2 - (29 - 36)?
-4
What is the value of -2 + 4 + -2 + (3 - 2)?
1
Calculate 3 + -9 + -3 + 5 - 1.
-5
-6 - -5 - (7 - 8)
0
Evaluate 1 - 8 - (-1 - 2).
-4
(1 - -11) + -22 - -16
6
What is the value of 1 + -5 + 3 + 6 + -2?
3
2 - -2 - (-10 - (-2 - 9))
3
1 + (-1 - -2) + 0
2
Calculate -1 - 0 - (-58 + 52).
5
1 + (-3 - (0 + -7 - -9))
-4
Evaluate 0 + 2 - (-14 + 5 - -6).
5
What is -3 + -1 - ((8 - 11) + -1)?
0
0 + -1 + -13 + -2 + 18
2
What is 0 - 4 - (1 - (-5 + 9))?
-1
What is the value of 3 + -2 + (-2 - -4)?
3
Evaluate (11 - 9) + (1 - 1).
2
0 + -2 + (2 + 1 - 3)
-2
Evaluate 2 + -10 + (21 - 13).
0
What is -3 - (-4 + (-1 - -3) - 6)?
5
Evaluate -1 - -8 - (-19 - -23).
3
Evaluate 0 + 7 - 3 - (-2 - -1).
5
-5 + 0 - (5 - (4 + 5))
-1
What is 6 + (0 - (17 - 8))?
-3
What is -1 - -7 - (101 - 101)?
6
What is the value of -1 - 2 - (2 + -1)?
-4
Calculate 1 + (3 - (10 + -1) - 2).
-7
-4 - -8 - (-2 - -3)
3
-6 + 16 + -6 + (-3 - 0)
1
What is the value of 3 - ((-5 - -2) + 7)?
-1
What is the value of (3 - 9) + -1 + 12?
5
(-5 - -5 - (-7 - 0)) + -16
-9
Calculate 0 + -2 + 5 + -9 + 4.
-2
What is -2 + (1 - 2) - (-13 - -10)?
0
-2 + (0 - (3 + 1 + -1))
-5
What is -6 + 1 - (-12 - -2)?
5
What is 5 + -2 + -3 + -3 + 3?
0
Calculate 9 - 17 - (1 + -9).
0
Calculate -2 + 4 + -6 + 4.
0
What is the value of 5 + (-6 - (-6 + 9 - -3))?
-7
Evaluate -4 + 9 - (2 + -1 + 3).
1
What is the value of (3 - (-3 - -9)) + -6 + 6?
-3
What is -5 - (-11 - (-1 - 14))?
-9
What is 3 - ((-6 - -13) + (-3 - -1))?
-2
Evaluate 3 + (3 - (-2 - 1 - -5)).
4
(-2 - 1) + 5 + 0 - 0
2
7 + -3 + -7 + 2 + 4
3
-11 + (4 - 0 - 0) - -2
-5
What is (17 - 7) + -1 - 6?
3
-18 - -13 - 3 - -11
3
3 - (7 + -6 + 2)
0
Evaluate 3 + -6 - 2 - -3 - -4.
2
Evaluate 0 + 1 + 8 + -2.
7
What is the value of (-6 + 8 + -6 - 3) + 3?
-4
What is -3 + 0 + (-3 - -2) + 2?
-2
Evaluate 1 + (2 - 0) + -3.
0
0 + 8 - (-1 - -1) - 4
4
What is -20 - (-33 + 17) - (-7 - 0)?
3
Evaluate (16 + -6 - 5) + -9 + -2.
-6
(15 - (10 - -5)) + (1 - -5)
6
What is (-48 - -41) + (0 - -8)?
1
What is (-2 - 6) + 2 + 2?
-4
-1 - (-4 - (-5 - -5))
3
Evaluate 11 + (-1 - (-1 - -6)).
5
(-1 + -3 - (7 - 9)) + 4
2
What is -5 + -4 - (1 - (1 + 2))?
-7
-11 + 1 + 8 - 3
-5
Evaluate (-8 - -9) + 2 + -2.
1
What is (-7 + 6 - -6 - 10) + 6?
1
What is -9 - (-4 + 1 - (10 - 9))?
-5
What is the value of (-421 - -425) + -10 + -1 + 0?
-7
Calculate 2 + -1 + 3 + -4.
0
Calculate -1 + (-7 - -12 - 0) + -1.
3
What is (-14 + 23 - 11) + (5 - -1)?
4
Evaluate -2 - (-1 + 3) - -7 - 1.
2
-3 + 6 + -12 + 3 - -12
6
What is the value of -6 - (1 - 9 - 4)?
6
0 + 4 - (18 - 10)
-4
Evaluate 2 - (-4 + (5 - 3) + 4).
0
What is the value of -1 - (-6 + -5 + -1 + 6)?
5
Calculate (-1 - -10) + 3 + -10.
2
What is the value of (-7 + -1 - -1) + 1?
-6
Calculate 0 + (-1 - -2) - 3.
-2
What is 2 - -2 - (8 + -6 + 2)?
0
(-1 + 6 - 13) + 4
-4
Evaluate 3 + (1 - (-8 + 9)).
3
What is 0 + -6 - (-2 + 1 + -3)?
-2
Calculate 1 + (2 - (1 - 0)) + -5.
-3
What is the value of -7 + (8 - 0 - 5)?
-4
(-1 - 7) + 4 + 8
4
Calculate 4 + -1 - (15 - (9 + 1)).
-2
What is -2 - (3 - 2 - -1)?
-4
What is 7 - ((-9 - -13) + (-4 - -1))?
6
Evaluate 1 - 1 - -6 - (-40 + 41).
5
Evaluate (-12 - -4) + 4 + 8.
4
What is the value of 16 + -3 + (-24 - -18)?
7
Evaluate 0 - ((2 - 5) + 3 + -2).
2
-3 + -2 + 4 + 0
-1
Evaluate -1 + -2 - (-5 + (-5 - -10)).
-3
What is the value of -30 + 32 - (-2 - 1)?
5
What is -2 - -8 - 4 - -1 - 2?
1
What is 3 + (-12 - -8) - (11 + -3)?
-9
What is the value of 3 - 4 - 9 - -5?
-5
What is the value of 4 - (12 + -6 - 6)?
4
-7 - -5 - -11 - 7
2
What is 4 + (-3 - (-3 - -3))?
1
What is (4 - 6 - -2) + 1?
1
Evaluate (4 - -1) + -6 + 29 + -19.
9
Evaluate (-5 - (2 - 6)) + (-5 - -2).
-4
What is -10 - (6 + -3) - (-9 + 5)?
-9
What is the value of -1 + 0 - (-2 + (-2 - -1))?
2
What is 6 + (11 - 8) - 3?
6
What is the value of 5 - 3 - (-6 - -3)?
5
Evaluate 2 + 3 + -1 - -1.
5
Evaluate -6 - (-2 - (1 + -1)).
-4
(-5 - 0) + 7 - -1
3
What is the value of -9 - (-1 + 5 + -2 + -2)?
-9
Calculate 3 - 0 - (19 - 12).
-4
-5 - (4 + -1 - 7)
-1
2 - 1 - (55 - 49)
-5
Evaluate 5 - (1 - (7 + -4)).
7
What is -1 + 0 - (-5 + (14 - 10))?
0
(3 - (1 + 1)) + (-10 - -10)
1
What is the value of -11 + 16 + -2 + -1?
2
What is the value of 3 - (3 - (3 + -2)) - 0?
1
Calculate -3 + 3 + 1 + 4.
5
Calculate -11 + (27 - 2) - (-1 - -6).
9
What is 1 - -5 - 2 - (2 - 1)?
3
Calculate (9 - 6) + 4 - (0 - -4).
3
(-4 - -8) + -1 + (-2 - -1)
2
What is 4 + -2 + -3 - -1?
0
What is (3 - (2 - 0 - 1)) + -3?
-1
What is the value of -1 + 2 + 4 + (-111 - -113)?
7
Evaluate (6 - 5) + 4 + -3.
2
What is 10 + 6 + (10 - 24)?
2
-3 - ((-6 - (-2 - -4)) + 1)
4
Evaluate 4 - (-2 + 8) - 1.
-3
What is the value of -4 + (-4 - -8) + -4?
-4
What is 0 + -4 + 2 + -4?
-6
Evaluate -1 - (2 - -3 - (0 - -3)).
-3
Evaluate (7 - 4) + -4 + 4.
3
9 + -1 - (-8 - -11)
5
Calculate (-163 - -170) + 1 + 0.
8
-34 + 30 - (1 + -2 + 0)
-3
Evaluate (-11 - -31) + -20 + (1 - 5).
-4
What is -15 + 11 + (-3 - -11) + -3?
1
Calculate (7 - 17) + (6 - -2).
-2
-3 - (3 - (1 + -2 + 9))
2
What is the value of 9 + (7 - (13 + -4))?
7
Evaluate 8 + 0 + (-8 - 0).
0
(3 - (1 + 2)) + (-40 - -47)
7
Evaluate -6 + (-1 + 2 - (2 - 6)).
-1
What is the value of (0 + -2 - 4) + 3 - -1?
-2
Calculate (-454 - -458) + -2 + 1 + -1.
2
What is -2 + -5 + (1 + -3 - -7)?
-2
1 + 4 + -16 - (-3 + -1)
-7
-6 + -2 + -7 + 18 + 5
8
What is the value of 8 + -5 - 6 - 3?
-6
What is (8 - 8) + 0 + 2?
2
What is the value of (8 - 3 - 14) + 5?
-4
Evaluate -4 - (-10 - (-1 - 2)).
3
Evaluate -1 + 3 + (-3 - -4) + -6.
-3
Calculate -1 + 2 + -5 - -7.
3
What is the value of 8 + (12 - 24) + 4?
0
What is the value of (2 - 4) + (6 - 7)?
-3
-2 + (0 - -1) + -1
-2
What is the value of -20 + 17 + 2 + -5?
-6
Calculate -10 + 2 + 9 + (1 - -2).
4
15 + -7 + -6 + -2
0
(1 - -1) + -8 + -1 + 5
-2
Evaluate 0 - (5 - (5 - (-2 - -3))).
-1
Calculate -2 - ((-4 - (-7 + 4)) + -3).
2
What is 2 - 4 - 4 - (63 - 64)?
-5
What is the value of -7 + 4 + 0 - -4?
1
Evaluate 2 + 2 + (-3 - 0).
1
(-1 - 1) + 69 + -72
-5
What is the value of -1 - (-10 + 10) - (4 - 0)?
-5
Calculate -3 + 0 + 3 + (8 - 4).
4
Calculate 6 + -10 + (2 + -6 - 1).
-9
Evaluate 0 + (3 - 3 - 5).
-5
What is the value of 1 - (-5 + (4 - -1))?
1
Calculate -2 - -2 - (-1 - -4).
-3
What is the value of -28 + 31 - (1 - 1)?
3
(-5 - (12 + -8)) + 3
-6
Evaluate 16 - (-2 - -2 - -12).
4
Calculate 1 + (-7 - -8 - 8) + 14.
8
What is the value of 2 - (7 - (-6 + 8 - -6))?
3
What is the value of (3 - 10) + 9 - 1?
1
0 + (-2 - -2) + 13 + -11
2
What is (-6 - (-2 - 0)) + 4 + 3?
3
What is -10 + -1 - (-163 + 154)?
-2
What is the value of -10 - (-2 - (-14 - -25))?
3
1 - (4 - (-3 + 3))
-3
Calculate -6 - (7 + -2 + -8 - 0).
-3
What is the value of -106 + 121 + (0 - 11)?
4
What is the value of -9 + 12 + 1 + -8?
-4
Calculate 8 - 9 - (0 + 0) - -2.
1
Evaluate 23 + -23 + 1 + 1.
2
-11 + (7 - (-8 - -12)) + 4
-4
Calculate 2 + -2 - (-8 - -3).
5
What is the value of 2 - 12 - (61 + -62)?
-9
What is the value of (-5 - 2 - -13) + (0 - 4)?
2
What is the value of -3 - (-1 + (4 - 4))?
-2
-22 + 32 - (6 - 0)
4
What is the value of 6 - (-1 + 2 + (0 - -1))?
4
Calculate 0 - (-20 + 17 + 0 + -1).
4
Calculate (-2 + (-5 - -6) - -3) + 1.
3
What is the value of -1 + 3 + -1 - (-2 - 0)?
3
What is 2 + 5 + (0 - 5) + 0?
2
Evaluate 283 + -282 - (-1 - (-1 - 5)).
-4
What is the value of 11 - ((10 - -10) + -12)?
3
(0 - -3) + (-14 + 29 - 12)
6
(3 + 8 - 2 - 4) + -4
1
